{"id":56,"date":"2024-03-04T20:55:55","date_gmt":"2024-03-04T19:55:55","guid":{"rendered":"http:\/\/localhost\/sarand\/?page_id=56"},"modified":"2024-03-04T20:55:55","modified_gmt":"2024-03-04T19:55:55","slug":"az-egyhazkozseg-es-a-templom-tortenete","status":"publish","type":"page","link":"https:\/\/sarand.dedipage.hu\/index.php\/az-egyhazkozseg-es-a-templom-tortenete\/","title":{"rendered":"AZ EGYH\u00c1ZK\u00d6ZS\u00c9G \u00c9S A TEMPLOM T\u00d6RT\u00c9NETE"},"content":{"rendered":"\n<p>A S\u00e1r\u00e1ndi Reform\u00e1tus Egyh\u00e1zk\u00f6zs\u00e9g 1540 k\u00f6r\u00fcl, a debreceni reform\u00e1ci\u00f3val egyidej\u0171leg keletkezett. Els\u0151 temploma 1572-ben m\u00e1r \u00e1llt, az \u00edr\u00e1sos adatok szerint r\u00e9szben le\u00e9gett, 1771-ben m\u00e1r ism\u00e9t renov\u00e1ltatott. Jelenlegi temploma \u00e9getett t\u00e9gl\u00e1b\u00f3l, sud\u00e1r toronnyal 1866 \u00e9s 1868 k\u00f6z\u00f6tt \u00e9p\u00fclt, romantikus st\u00edlusban.<br>A jelenlegi templom terveit V\u00e9csey Imre k\u00e9sz\u00edtette. A templom kelet\u2013nyugati tengely\u0171, kontyolt nyeregtet\u0151s, egyhaj\u00f3s. A haj\u00f3 keleti v\u00e9ge egyenes, apszis z\u00e1r\u00f3d\u00e1s\u00fa. Nyugati homlokzat\u00e1hoz 30 m\u00e9ter magas torony kapcsol\u00f3dik. A tornyot k\u00e9t oldalr\u00f3l r\u00e9zs\u00fatos elhelyezked\u00e9s\u0171, hatalmas t\u00e1mpill\u00e9r er\u0151s\u00edti. A toronysisak \u00f6sszetett form\u00e1j\u00fa, t\u00f6rtvonalas. Az eg\u00e9sz templom fals\u00e1vokkal szakaszokra osztott, melynek t\u00fckreiben vannak a szem\u00f6ld\u00f6k\u00edves, f\u00e9lk\u00f6r\u00edves z\u00e1r\u00f3d\u00e1s\u00fa ablakok, illetve vakablakok. A mez\u0151k fels\u0151 r\u00e9sz\u00e9n fogrovatos p\u00e1rk\u00e1ny tal\u00e1lhat\u00f3.<\/p>\n\n\n\n<p>A bels\u0151 t\u00e9r 10\u00d720 m\u00e9teres. Kor\u00e1bban vakolt mennyezete \u00e9s a templommal egyid\u0151s, sz\u00fcrk\u00e9sk\u00e9kre festett berendez\u00e9se volt: padok (440 \u00fcl\u0151hellyel), sz\u00f3sz\u00e9k, \u00farasztala, k\u00e9t fakarzat.<br>2006-ban egy sz\u00e9lvihar k\u00f6vetkezt\u00e9ben megrong\u00e1l\u00f3dott a templomtorony faszerkezete \u00e9s sisakja. Az \u00fajj\u00e1\u00e9p\u00edt\u00e9s sor\u00e1n ism\u00e9t viharos sz\u00e9l t\u00e1madt, s a forg\u00f3sz\u00e9l r\u00e1d\u00f6nt\u00f6tte a teljesen \u00faj, majdnem k\u00e9sz kupol\u00e1t a haj\u00f3 tet\u0151szerkezet\u00e9re. A gy\u00fclekezet \u2013 lelkip\u00e1sztora, Sz\u00e1szfalvi Imre vezet\u00e9s\u00e9vel \u2013 minden erej\u00e9t megfesz\u00edtve, k\u00f6zegyh\u00e1zi seg\u00edts\u00e9ggel \u00e9s mag\u00e1nemberek adom\u00e1ny\u00e1b\u00f3l \u00e9p\u00edtette \u00fajj\u00e1 a k\u00e9tszeres vihark\u00e1rt szenvedett templomtornyot.<br>Az orgon\u00e1t, mely a templomhaj\u00f3 keleti v\u00e9g\u00e9ben helyezkedik el, Angster J\u00f3zsef \u00e9p\u00edtette 1893-ban. A templomtoronyban k\u00e9t harang tal\u00e1lhat\u00f3, a kisebbik 246 kg-os, Hilzer Ign\u00e1c \u00f6nt\u00f6tte 1874-ben, a nagyobbik 352 kg-os, Szlez\u00e1k L\u00e1szl\u00f3 \u00f6nt\u00f6tte 1923-ban. A sz\u00f3sz\u00e9ket \u00e9s az \u00farasztal\u00e1t n\u00e9pi iparm\u0171v\u00e9sz \u00e1ltal h\u00edmzett \u00fari h\u00edmz\u00e9ses ter\u00edt\u0151k d\u00edsz\u00edtik.<\/p>\n","protected":false},"excerpt":{"rendered":"<p>A S\u00e1r\u00e1ndi Reform\u00e1tus Egyh\u00e1zk\u00f6zs\u00e9g 1540 k\u00f6r\u00fcl, a debreceni reform\u00e1ci\u00f3val egyidej\u0171leg keletkezett. Els\u0151 temploma 1572-ben m\u00e1r \u00e1llt, az \u00edr\u00e1sos adatok szerint r\u00e9szben le\u00e9gett, 1771-ben m\u00e1r ism\u00e9t renov\u00e1ltatott. Jelenlegi temploma \u00e9getett t\u00e9gl\u00e1b\u00f3l, sud\u00e1r toronnyal 1866 \u00e9s 1868 k\u00f6z\u00f6tt \u00e9p\u00fclt, romantikus st\u00edlusban.A jelenlegi templom terveit V\u00e9csey Imre k\u00e9sz\u00edtette. A templom kelet\u2013nyugati tengely\u0171, kontyolt nyeregtet\u0151s, egyhaj\u00f3s. A haj\u00f3 keleti [&hellip;]<\/p>\n","protected":false},"author":1,"featured_media":0,"parent":0,"menu_order":0,"comment_status":"closed","ping_status":"closed","template":"","meta":{"footnotes":""},"class_list":["post-56","page","type-page","status-publish","hentry"],"_links":{"self":[{"href":"https:\/\/sarand.dedipage.hu\/index.php\/wp-json\/wp\/v2\/pages\/56","targetHints":{"allow":["GET"]}}],"collection":[{"href":"https:\/\/sarand.dedipage.hu\/index.php\/wp-json\/wp\/v2\/pages"}],"about":[{"href":"https:\/\/sarand.dedipage.hu\/index.php\/wp-json\/wp\/v2\/types\/page"}],"author":[{"embeddable":true,"href":"https:\/\/sarand.dedipage.hu\/index.php\/wp-json\/wp\/v2\/users\/1"}],"replies":[{"embeddable":true,"href":"https:\/\/sarand.dedipage.hu\/index.php\/wp-json\/wp\/v2\/comments?post=56"}],"version-history":[{"count":1,"href":"https:\/\/sarand.dedipage.hu\/index.php\/wp-json\/wp\/v2\/pages\/56\/revisions"}],"predecessor-version":[{"id":57,"href":"https:\/\/sarand.dedipage.hu\/index.php\/wp-json\/wp\/v2\/pages\/56\/revisions\/57"}],"wp:attachment":[{"href":"https:\/\/sarand.dedipage.hu\/index.php\/wp-json\/wp\/v2\/media?parent=56"}],"curies":[{"name":"wp","href":"https:\/\/api.w.org\/{rel}","templated":true}]}}